{"id":36,"date":"2019-11-15T22:07:59","date_gmt":"2019-11-15T22:07:59","guid":{"rendered":"http:\/\/fantastisch-bloggen.de\/?page_id=36"},"modified":"2019-12-07T12:17:34","modified_gmt":"2019-12-07T12:17:34","slug":"ueber-mich","status":"publish","type":"page","link":"http:\/\/fantastisch-bloggen.de\/?page_id=36","title":{"rendered":"\u00dcber mich"},"content":{"rendered":"\n<figure class=\"wp-block-image size-large is-resized\"><img loading=\"lazy\" decoding=\"async\" src=\"http:\/\/fantastisch-bloggen.de\/wp-content\/uploads\/2019\/11\/IMG_3604-1-768x1024.jpg\" alt=\"\" class=\"wp-image-40\" width=\"333\" height=\"443\" srcset=\"http:\/\/fantastisch-bloggen.de\/wp-content\/uploads\/2019\/11\/IMG_3604-1-768x1024.jpg 768w, http:\/\/fantastisch-bloggen.de\/wp-content\/uploads\/2019\/11\/IMG_3604-1-225x300.jpg 225w, http:\/\/fantastisch-bloggen.de\/wp-content\/uploads\/2019\/11\/IMG_3604-1-1152x1536.jpg 1152w, http:\/\/fantastisch-bloggen.de\/wp-content\/uploads\/2019\/11\/IMG_3604-1-1536x2048.jpg 1536w, http:\/\/fantastisch-bloggen.de\/wp-content\/uploads\/2019\/11\/IMG_3604-1-scaled.jpg 1920w\" sizes=\"auto, (max-width: 333px) 100vw, 333px\" \/><\/figure>\n\n\n\n<p>Irgendwann in den 70ern habe ich lesen gelernt und damit haben sich mir wunderbare, spannende neue Welten er\u00f6ffnet, die ich nie mehr missen m\u00f6chte. Bastian Balthasar Bux und Atr\u00e9ju, Will Stanton und die Uralten, Frodo und Samweis und nicht zu vergessen; Eowin f\u00fchrten mich so weit weg, wie es nur die Fantasie vermag.<\/p>\n\n\n\n<p>Seitdem sind fast 50 Jahre vergangen.  <\/p>\n\n\n\n<p>Ich habe mein Abitur gemacht,\nPhilosophie, Ethnologie und Mathematik studiert, geheiratet, 2 Kinder\nbekommen und mich beruflich als Dozentin f\u00fcr Deutsch als\nFremdsprache etabliert \u2013 ungef\u00e4hr in der Reihenfolge.<\/p>\n\n\n\n<p>W\u00e4hrend des Studiums habe ich,\ngemeinsam mit meinem Mann, Pen and Paper-Rollenspiel entdeckt und\nhierf\u00fcr bald eine eigene Welt entworfen, w\u00e4hrend er \u2013 der\nPhysiker \u2013 dazu die Regeln gebastelt hat. Damals waren wir noch\nklar im Fantasy-Bereich, und so war meine erste Welt eine\nMittelalter-Fantasy-Welt mit Drachen, Feen, Hexen, Elfen, Orks,\nZwergen und was noch so dazu geh\u00f6rt.<\/p>\n\n\n\n<p>Viel sp\u00e4ter, es war der Beginn dieses\nJahrtausend und meine Kinder schon auf der Welt, kamen mir neue Ideen\nund eine weitere Welt trat in mein Leben. Der Arbeitstitel blieb\nbestehen und so gibt es die \u201e12 Kr\u00e4fte\u201c. Hier spielt auch mein\nerster Roman: Nachtriss.<\/p>\n\n\n\n<p>Die Welt ist eine ganz andere, eben Mystery, nicht Mittelalter-Fantasy und sowohl f\u00fcr Pen and Paper Rollenspiel, als auch als Schauplatz f\u00fcr meine Romane entworfen. <br>Und nat\u00fcrlich gibt es Drachen, Hexen, Magier, Vampire und andere Welten.<\/p>\n\n\n\n<p>Die gro\u00dfe Mehrheit der Menschen ahnt\naber nicht einmal, was im Verborgenen lauert.<\/p>\n\n\n\n<p>Nachtriss ist erschienen im Stichblattverlag.  <a href=\"https:\/\/www.stichblatt.de\/\">https:\/\/www.stichblatt.de\/<\/a> <\/p>\n\n\n\n<p><a href=\"https:\/\/menschel-giese.de\/Autorin\/Autorin.htm\">https:\/\/menschel-giese.de\/Autorin\/Autorin.htm<\/a><\/p>\n","protected":false},"excerpt":{"rendered":"<p>Irgendwann in den 70ern habe ich lesen gelernt und damit haben sich mir wunderbare, spannende neue Welten er\u00f6ffnet, die ich nie mehr missen m\u00f6chte. Bastian Balthasar Bux und Atr\u00e9ju, Will Stanton und die Uralten, Frodo und Samweis und nicht zu vergessen; Eowin f\u00fchrten mich so weit weg, wie es nur die Fantasie vermag. Seitdem sind &hellip; <\/p>\n<p class=\"link-more\"><a href=\"http:\/\/fantastisch-bloggen.de\/?page_id=36\" class=\"more-link\"><span class=\"screen-reader-text\">\u201e\u00dcber mich\u201c<\/span> weiterlesen<\/a><\/p>\n","protected":false},"author":1,"featured_media":0,"parent":0,"menu_order":0,"comment_status":"closed","ping_status":"closed","template":"","meta":{"footnotes":""},"class_list":["post-36","page","type-page","status-publish","hentry"],"_links":{"self":[{"href":"http:\/\/fantastisch-bloggen.de\/index.php?rest_route=\/wp\/v2\/pages\/36","targetHints":{"allow":["GET"]}}],"collection":[{"href":"http:\/\/fantastisch-bloggen.de\/index.php?rest_route=\/wp\/v2\/pages"}],"about":[{"href":"http:\/\/fantastisch-bloggen.de\/index.php?rest_route=\/wp\/v2\/types\/page"}],"author":[{"embeddable":true,"href":"http:\/\/fantastisch-bloggen.de\/index.php?rest_route=\/wp\/v2\/users\/1"}],"replies":[{"embeddable":true,"href":"http:\/\/fantastisch-bloggen.de\/index.php?rest_route=%2Fwp%2Fv2%2Fcomments&post=36"}],"version-history":[{"count":3,"href":"http:\/\/fantastisch-bloggen.de\/index.php?rest_route=\/wp\/v2\/pages\/36\/revisions"}],"predecessor-version":[{"id":189,"href":"http:\/\/fantastisch-bloggen.de\/index.php?rest_route=\/wp\/v2\/pages\/36\/revisions\/189"}],"wp:attachment":[{"href":"http:\/\/fantastisch-bloggen.de\/index.php?rest_route=%2Fwp%2Fv2%2Fmedia&parent=36"}],"curies":[{"name":"wp","href":"https:\/\/api.w.org\/{rel}","templated":true}]}}